+ -247).
-9
What is -1 + 2 + -2 - (11 + 35 - 21)?
-26
Evaluate -1 - (9 + -4 - (17 + 3)).
14
What is (0 - -19) + 3 + (5 - 5) + 2?
24
Evaluate (-5 - -28 - 19) + 1 + 2 - -6.
13
Calculate 11 + 12 + (1 - -11 - 10).
25
What is (0 - 1) + 12 + -300 + 302?
13
What is -2 - ((1 - 1) + 1 + -5)?
2
What is (-11 - -7) + (-10 + -10 - -6)?
-18
What is -23 + 20 + -23 - -25?
-1
Evaluate (1 - (-5 + 3)) + (-22 - -28).
9
What is the value of -13 - -3 - -5 - -12?
7
Evaluate 15 + -30 + 25 - 0 - (-3 - -1).
12
What is the value of 16 - (-20 + 18 + 26)?
-8
What is the value of 20 - 2 - (128 + -86)?
-24
Calculate 1 + (9 - (10 - (10 + -3))) - 11.
-4
What is -2 + (0 - 13) - (55 + -64 + 14)?
-20
Calculate -1 - (-4 + 8 + (-2 - 6)) - -6.
9
What is the value of -8 - (9 - (-4 - (8 + -16)) - 32)?
19
Calculate -30 + (-7 - 8) + 30.
-15
What is the value of 7 + (-24 - (3 - (-5 + 10))) + -2?
-17
-4 + 2 + -3 + 12 - (-5 - -2)
10
What is the value of -5 - ((-13 - 12) + (1 - 2) + 3)?
18
What is -9 + -2 + 11 + 8 - 24?
-16
Calculate -5 - (32 + -16 - -7).
-28
What is -4 + (-80 - -83) + (1 - -3)?
3
Calculate (2228 - 2218) + (-1 - (-1 + 20)).
-10
What is (-10 - -28 - 17) + (4 - -2)?
7
Calculate (-7 - -15) + (-4 - 20).
-16
33 - 16 - (-9 + 35)
-9
What is the value of 1 - -5 - (-6 - -1 - (26 - 36))?
1
Evaluate -7 - (21 + -42 - 4).
18
Evaluate 0 - 29 - (-64 - -49).
-14
What is (0 - (-4 - -1 - -1)) + 2 + 7?
11
Calculate 30 - (1 - -11) - (0 + 1).
17
What is 2 + -6 + -5 + 0 + 4 + 4?
-1
What is -23 + 6 - (-21 + 12)?
-8
1 + (0 - 5) - (-4 - (17 - 22))
-5
-2 - (1 + -1 - (-23 - -31))
6
(58 - 62) + (-5 + 3 - 4)
-10
What is 9 + 10 - 24 - -2?
-3
What is (2 - 16) + (-188 - -195)?
-7
Calculate -1 + (11 - 15) + -6.
-11
Calculate 3 + -10 - (-32 - (-2 - 11)).
12
Calculate (1 + -10 - -1) + (14 - (-6 - 1)).
13
Evaluate (-9 - (-3 + -3 + 0)) + (5 - 3).
-1
12 - ((2 - 1) + (45 - 43))
9
Evaluate -6 - 4 - -12 - (-7 + 4 + -2).
7
Evaluate 16 + (-10 - -1) + (1 - (2 - 6)).
12
What is the value of 15 + -3 + -1 - (-24 - -30)?
5
What is 8 + -15 + 7 + 1 + 7?
8
Calculate -2 - 14 - (-3 + -19).
6
Calculate 37 - (70 - 31) - 26.
-28
Calculate 41 + -43 + -58 + 30.
-30
Evaluate -15 + (-3 - (-2 + 2) - 6) + 4.
-20
Evaluate -26 - -8 - (-19 - -7 - -4).
-10
What is the value of 35 + (29 - 8) + -52?
4
What is -12 - (-4 - (-2 - -17))?
7
Evaluate 3162 + -3179 + (1 - 3) + 11.
-8
What is the value of 47 - (-17 + 32 + 5 - 4)?
31
What is -23 + 3 - (231 - 241)?
-10
What is the value of (-9 - (-6 + -9 - -5 - -5)) + 15?
11
Calculate -58 + (-45 - (9 + -73)).
-39
Evaluate 12 - (-5 - (-1 - 6 - (-8 - -2))).
16
Calculate 6 + 20 + -9 + (3 - 11) + -2.
7
Evaluate (-9 + 0 - -20) + -3 - 14.
-6
Calculate 44 + -60 + 29 + 4 + 2.
19
4 - (21 + (-2 - -7) + -5 + 3)
-20
-11 + (4 - -12) - 10
-5
Calculate 12 - 4 - 1 - 13.
-6
Evaluate (1835 - 1807) + 1 + -59.
-30
(23 - 36) + 0 - 15
-28
What is the value of 1 + (1 - -24) - (-4757 + 4753)?
30
Evaluate (6 - (1 - -11)) + 27 + -1 + 8.
28
What is the value of (122 - 107) + (-2 - -2)?
15
What is the value of (-5 - (1 - 1)) + (46 + 0 - 24)?
17
Evaluate 202 + -232 + -5 + 44.
9
What is 22 - (37 - (-1 + 14))?
-2
13 + 2 + (5 - (18 + -5))
7
What is the value of 165 - 164 - (-14 + 1)?
14
What is the value of (-40 + 76 - 48) + 1 + 30?
19
What is the value of 26 - 4 - (0 + -17 + 25)?
14
8 + (-14 - -10) + -18
-14
Calculate -5 + (0 - (2 + -2)) + -9 + -4.
-18
-18 + 26 + -27 + 29
10
What is 9 - (14 + -22 - -17 - 17)?
17
What is the value of (-2 - (-2 - 2)) + 16 + 21 + -36?
3
380 + -394 - (-2 + -1 + (6 - -1))
-18
What is 9 + 2 - (12 + -2)?
1
What is -169 + 171 - (1 - (3 - 1))?
3
What is (-20 - (-1 - (11 + -2))) + 3?
-7
What is the value of 0 - 18 - (-59 + 48 + -23)?
16
What is 12 + 1 + (-16 - 0) + (16 - -7)?
20
What is 1 - ((-11 - -27) + -3)?
-12
Evaluate 4 + 1 + -2 + -8.
-5
Calculate (5 + -34 - -61) + (-11 - 0).
21
What is the value of (2 - -1) + (2 - 8 - -6 - -2)?
5
Calculate -40 + 42 + -1 + 9.
10
-23 - (-16 + -2 - -8) - (1 - 4)
-10
18 - -1 - (1 + -28 + 28)
18
Evaluate 8 + (-11 - -24) - -1.
22
(73 - 80) + (0 + 0 - -12)
5
-19 - (5 + -4 + -41)
21
What is (-2 - 6) + (0 - 0) - (29 - 30)?
-7
Evaluate -16 - (15 + -5 + -3 + (12 - 9)).
-26
(-20 + 2 + 9 - -6) + 26 - -1
24
Calculate -55 - (-10 - (35 + -16) - -13).
-39
-3 + 2 + (9 + -11 - (-1 + -6))
4
13 + -20 + 0 + 4 - -6
3
Evaluate 9 + (17 - (-17 + 55)).
-12
-5 + (10 - 10) + 13
8
(-275 - -272) + -1 + 16
12
What is (-9 - -11) + -11 - -5 - 13?
-17
What is the value of 19 + -25 + (2 - (4 + -4) - 3)?
-7
Calculate 3 + -8 + 1 + (-5 + 5 - 3).
-7
What is the value of (-186 - -199) + (-8 - 1) + -1?
3
What is (17 - (-2 - 0)) + (-28 - -26) + 2?
19
Evaluate -26 + (-20 + 32 - -2).
-12
Evaluate -2 - 1 - -14 - (-85 - -59).
37
What is 6 - 18 - (21 - 30)?
-3
What is (2 - 3) + -3 + (15 - 10) - 8?
-7
What is the value of 3 - ((1 - -2 - -1) + -6)?
5
What is 8 + -1 - (-68 + 84)?
-9
Calculate 4 + 0 - (9 + (-4 - (8 + -11))).
-4
What is the value of 0 + (9 - (8 - 6) - -13) - 6?
14
185 + -197 - (-2 + 1 + -27)
16
Evaluate -4 - 1 - (-23 - (-10 + -1)).
7
4 + 2 + -12 - -1 - -13
8
(-14 - -19 - 21) + 13
-3
(-2 - 1) + -2 + 3
-2
What is the value of ((-6 - 3) + 11 - -3) + 3?
8
45 + -23 + -24 - (2 - -6)
-10
What is (-2 - -2) + -3 + -11 + 5?
-9
-10 + (0 - (38 - 30))
-18
What is the value of (4 + -7 - -5 - 18) + 41?
25
42 - 32 - (2 + 9 + -3)
2
Calculate 9 + -19 + 5 + 7 + -5.
-3
2 - (7 + -26) - 18
3
What is -24 - (12 - 19) - (-7 - (6 + -9))?
-13
What is -24 - -9 - (2 - 39)?
22
What is the value of -127 + 122 - (2 - -2 - -12)?
-21
Evaluate 5 + 1 + -5 + -12 - -6.
-5
Evaluate -3 + -8 + (-2 - -2 - -4) - -2.
-5
Evaluate -2 + (3 - 0) + 2 - (-907 + 899).
11
What is the value of 768 + -778 - (21 + 0)?
-31
Calculate (3 - -8) + -6 + (-6 + 2 - -20).
21
What is 4 + 1 + -253 + 243 + (22 - 0)?
17
What is (-2 - (6 - 9 - -10 - 23)) + -6?
8
What is the value of 3 - (1 - ((2 - 5) + -16))?
-17
Calculate (1283 - 1301) + 1 + (-3 - -2) + 7.
-11
4 - (-1 - 3 - (-8 + 2))
2
What is (-24 + 8 - -24) + -5?
3
-1 + 8 + (-4 - -10) + -2 - -4
15
What is 41 - ((18 - (-17 - -22)) + 5)?
23
Evaluate (3 + 6 - (17 - (6 - 3))) + 10.
5
Evaluate -3 - (-11 + 4 + -1 - -14).
-9
Calculate 23 + -16 + (24 - 18) - 15.
-2
What is -18 - ((2 - -8) + -5 + -4 + -5)?
-14
Calculate -5 - (-3 + -5 + 2 - -7).
-6
What is the value of 16 + 26 + -1 + -26?
15
What is the value of (-29 - -4 - -13) + 22 + 11?
21
18 + -30 - 1 - (-3 - 1)
-9
Calculate 11 - (-15 + 12 + 11 + -4) - 10.
-3
15 - (-15 - (-53 + 8)) - -41
26
What is the value of -24 + 21 + -16 + (1 - -5)?
-13
What is the value of 0 + (11 - -8) + -25?
-6
-5 + 1 - 0 - -3 - (-7 + 12)
-6
Calculate -5 + 4 - (4 + -1 + (1 - 3)).
-2
What is the value of 12 - 0 - (676 - 681)?
17
Calculate (-2 - -19) + (-29 + 11 - -13).
12
Evaluate -15 - (12 + -11 + (-12 - -1)).
-5
(7 - (7 + -8)) + -13 + -9
-14
What is (-2 - (-1 + -10)) + -1 - (-5756 + 5755)?
9
What is the value of -3 + 0 + (-30 - 13) + 61?
15
(12 - 6) + (-16 - -8) + (-10 - -18)
6
What is the value of -2 + 1 - (74 + -31 - 26)?
-18
Calculate 0 + -6 - (-256 - -215).
35
Evaluate (0 - 7) + (3 - (1 + 0)) + 4.
-1
What is the value of (-55 + 51 - (2 + -6 + 1)) + -11?
-12
What is the value of -16 + -26 - ((-3 - -12) + -22)?
-29
-422 + 386 - (-2 - 24)
-10
What is -2 + (8 + 3 - 3) + -1?
5
8 + (39 - 5 - 31)
11
Evaluate 8 + (-2 + 8 - 10).
4
What is the value of (-6 - 4) + 4 - 14 - (-6 + -1)?
-13
(3 - (6 - 3)) + 16 + -2
14
Calculate 4 - (-22 + (23 + -10 - 6)).
19
What is -71 + 77 + (3 - -3)?
12
Calculate 2 + 6 - (1 - (-18 - (-14 + 30))).
-27
What is the value of (-12 + (8 - 4) - -3) + 5?
0
Calculate 9 - (8 + -18) - (-4 - -13).
10
What is -6 + (-7 + 11 - (8 - 0))?
-10
5 - (38 - (7 + -7 + 19 + -10))
-24
What is the value of -33 - -21 - (-5 + 0 + 4 + -5)?
-6
What is the value of -7 + 4 + (1 - -3) + -4 + -5?
-8
39 + (-45 - -10 - -7)
11
-6 + (-20 - -35) + (6 - 20)
-5
What is 6 + (0 - (-11 - (22 + -10 - 35)))?
-6
(52 - 1) + -333 + 307
25
What is -24 + -1 - (57 - 72)?
-10
40 - (-11 + 6 - -43)
2
Evaluate (-19 - 11) + 11 + 7.
-12
Evaluate -2 - (8 - -7 - 6).
-11
Evaluate (46 - 11) + -29 + -26.
-20
Calculate -43 - (-4 + -23) - (-13 + -1).
-2
What is 0 - (3 - (1 + 5))?
3
Evaluate (23 - 46) + (5 - 0 - 3) - -2.
-19
What is 0 - (17 + (5 - 36))?
14
What is (61 + -36 - 18) + (0 - -2) + 0?
9
-2 + (-6 - (-12 - (-16 + 0))) - -47